osite?
True
Is 1037233 a prime number?
True
Is 14981 composite?
True
Is 38207 a prime number?
False
Is 73913 a composite number?
True
Is 3985 prime?
False
Is 50017 a prime number?
False
Is 114877 a composite number?
True
Is 26497 a prime number?
True
Is 1257611 composite?
False
Is 82021 a prime number?
True
Is 133979 prime?
True
Is 2531 prime?
True
Is 845489 composite?
False
Is 823697 composite?
True
Is 1535 a composite number?
True
Is 8434 composite?
True
Is 96827 composite?
False
Is 145897 prime?
True
Is 53951 a prime number?
True
Is 10129 prime?
False
Is 102859 prime?
True
Is 4007 a composite number?
False
Is 1942517 composite?
True
Is 2910697 prime?
True
Is 187 a composite number?
True
Is 4703 a prime number?
True
Is 464879 composite?
False
Is 694205 a prime number?
False
Is 203051 composite?
False
Is 186469 a composite number?
False
Is 168247 a prime number?
True
Is 20873 a prime number?
True
Is 262681 a prime number?
True
Is 79109 prime?
False
Is 971779 composite?
True
Is 6121 a prime number?
True
Is 39359 a composite number?
False
Is 555301 a composite number?
False
Is 21529 prime?
True
Is 903239 a prime number?
False
Is 31741 composite?
False
Is 33323 a prime number?
False
Is 6947 prime?
True
Is 1234913 a prime number?
False
Is 158087 a prime number?
False
Is 95 composite?
True
Is 32933 prime?
True
Is 524467 composite?
True
Is 787 composite?
False
Is 3161129 a prime number?
True
Is 206755 a prime number?
False
Is 21247 composite?
False
Is 13973 a prime number?
False
Is 55049 composite?
False
Is 137185 a prime number?
False
Is 8081 a composite number?
False
Is 389414 a composite number?
True
Is 953237 composite?
False
Is 17903 prime?
True
Is 233437 a composite number?
False
Is 228809 composite?
True
Is 47597 a composite number?
True
Is 3646 a prime number?
False
Is 3203 composite?
False
Is 2333 composite?
False
Is 2237 prime?
True
Is 60797 composite?
True
Is 199081 composite?
False
Is 459709 a prime number?
False
Is 135827 prime?
False
Is 3235 a composite number?
True
Is 1736071 a composite number?
False
Is 1123 prime?
True
Is 317 composite?
False
Is 3 prime?
True
Is 53842 prime?
False
Is 317449 prime?
False
Is 1537 composite?
True
Is 388033 prime?
False
Is 11369 prime?
True
Is 156701 a prime number?
False
Is 7179 a prime number?
False
Is 47887 prime?
False
Is 18517 a prime number?
True
Is 135067 prime?
False
Is 2681 a prime number?
False
Is 528053 composite?
False
Is 1361 prime?
True
Is 285191 composite?
False
Is 19801 a composite number?
False
Is 15049 prime?
False
Is 1241 composite?
True
Is 88887 a prime number?
False
Is 1740689 a composite number?
False
Is 12941 prime?
True
Is 16183 composite?
False
Is 65179 a composite number?
False
Is 126163 prime?
False
Is 10729 a prime number?
True
Is 2130083 prime?
False
Is 5179 a prime number?
True
Is 237 a composite number?
True
Is 52031 composite?
True
Is 244527 a composite number?
True
Is 31931 a prime number?
False
Is 4397 composite?
False
Is 375871 prime?
False
Is 604621 a composite number?
True
Is 121213 a prime number?
False
Is 3799853 a composite number?
True
Is 25229 a composite number?
False
Is 49243 a prime number?
False
Is 142021 prime?
False
Is 957689 a composite number?
True
Is 13093 a composite number?
False
Is 442043 a composite number?
True
Is 4103 a composite number?
True
Is 1657 composite?
False
Is 402461 composite?
True
Is 8651 prime?
False
Is 673 a composite number?
False
Is 44491 prime?
True
Is 86807 a prime number?
False
Is 1637 composite?
False
Is 3299 prime?
True
Is 402239 composite?
False
Is 181523 a composite number?
False
Is 215713 composite?
True
Is 51193 composite?
False
Is 1248097 prime?
False
Is 4637 composite?
False
Is 200333 a prime number?
False
Is 130443 composite?
True
Is 123827 a composite number?
True
Is 219169 a prime number?
True
Is 17923 composite?
False
Is 692837 a composite number?
True
Is 293 prime?
True
Is 298523 composite?
True
Is 622513 a composite number?
False
Is 34313 a prime number?
True
Is 33311 composite?
False
Is 13537 prime?
True
Is 544409 a prime number?
False
Is 378713 a prime number?
True
Is 37799 composite?
False
Is 1721 prime?
True
Is 152363 a prime number?
True
Is 32411 composite?
False
Is 5807 a composite number?
False
Is 151013 a prime number?
True
Is 60529 a composite number?
True
Is 1178363 prime?
True
Is 140863 a composite number?
False
Is 800477 a prime number?
True
Is 41771 a prime number?
True
Is 1901797 prime?
False
Is 3967 a prime number?
True
Is 54265 a prime number?
False
Is 64613 prime?
True
Is 5591 a composite number?
False
Is 7151 a composite number?
False
Is 99487 prime?
True
Is 168527 a prime number?
True
Is 11087 a prime number?
True
Is 11369 a composite number?
False
Is 763097 a prime number?
False
Is 26929 prime?
False
Is 245639 a composite number?
False
Is 244138 a prime number?
False
Is 93463 composite?
False
Is 105153 composite?
True
Is 385351 composite?
False
Is 318863 a composite number?
False
Is 3109 composite?
False
Is 1361 a composite number?
False
Is 3079 a composite number?
False
Is 7151 composite?
False
Is 1009 prime?
True
Is 919 a prime number?
True
Is 136231 a prime number?
False
Is 5899 a composite number?
True
Is 511063 a composite number?
True
Is 745 composite?
True
Is 19111 a prime number?
False
Is 718493 composite?
False
Is 9997 prime?
False
Is 112877 a prime number?
True
Is 4663 a prime number?
True
Is 2633 a composite number?
False
Is 27139 a composite number?
True
Is 48931 a prime number?
False
Is 1548113 composite?
True
Is 1499 prime?
True
Is 324059 prime?
False
Is 42797 a composite number?
False
Is 75149 composite?
False
Is 137909 a composite number?
False
Is 1441 composite?
True
Is 217849 composite?
False
Is 126773 prime?
False
Is 752053 composite?
False
Is 3471099 a prime number?
False
Is 3497 composite?
True
Is 1817953 a composite number?
True
Is 18053 prime?
False
Is 6349 prime?
False
Is 25687 a prime number?
False
Is 9637 composite?
True
Is 10771 a composite number?
False
Is 791773 a composite number?
False
Is 17377 a composite number?
False
Is 6607 prime?
True
Is 2681 a prime number?
False
Is 64937 a prime number?
True
Is 21313 a composite number?
False
Is 4209679 prime?
True
Is 42857 a composite number?
True
Is 272509 composite?
True
Is 593839 a prime number?
True
Is 2639083 a prime number?
True
Is 50731 prime?
False
Is 254 composite?
True
Is 1745383 prime?
False
Is 27197 prime?
True
Is 863801 composite?
False
Is 7909 a prime number?
False
Is 21869 prime?
False
Is 958 a composite number?
True
Is 24029 prime?
True
Is 3251 a prime number?
True
Is 13379 a prime number?
False
Is 164461 a composite number?
True
Is 577117 a composite number?
True
Is 1268911 a prime number?
False
Is 33961 composite?
False
Is 66245 composite?
True
Is 17519 prime?
True
Is 5261 prime?
True
Is 261071 a prime number?
True
Is 230369 a prime number?
True
Is 157754 a composite number?
True
Is 158189 a prime number?
True
Is 14197 composite?
False
Is 103903 composite?
False
Is 149939 a composite number?
False
Is 4703 a composite number?
False
Is 17707 a composite number?
False
Is 21151 prime?
False
Is 10559 a composite number?
False
Is 676553 a prime number?
False
Is 1823 a composite number?
False
Is 787 composite?
False
Is 937 a composite number?
False
Is 186449 a composite number?
True
Is 407621 composite?
False
Is 2213609 prime?
True
Is 2407 a prime number?
False
Is 21178 a prime number?
False
Is 178681 composite?
False
Is 15493 composite?
False
Is 26599 prime?
False
Is 18623 composite?
True
Is 1399 a prime number?
True
Is 23237 a composite number?
True
Is 390343 a prime number?
True
Is 26287 prime?
False
Is 1606337 a composite number?
True
Is 1303955 composite?
True
Is 211969 composite?
False
Is 58477 a prime number?
True
Is 40867 a composite number?
False
Is 79181 a composite number?
False
Is 570767 prime?
False
Is 8593 a prime number?
False
Is 519817 prime?
True
Is 108671 composite?
True
Is 49719 a composite number?
True
Is 151377 a prime number?
False
Is 1114901 a prime number?
False
Is 14267 prime?
False
Is 8923 composite?
False
Is 44995 prime?
False
Is 13859 prime?
True
Is 58517 prime?
False
Is 26857 prime?
False
Is 37 a composite number?
False
Is 259619 a composite number?
False
Is 191 prime?
True
Is 1